v(2). Let j = 38 - -77. Let r = f + j. List the prime factors of r.
7
Let y(i) = i - 2*i + 0*i - i**3 - 9*i**2. Let h = -37 + 28. List the prime factors of y(h).
3
Suppose 36 = -l + 4*l. Suppose 5*n = 2*x - 0*x + 9, 5*n - l = x. Suppose 76 = 3*f + z, 2 = -n*z - 4. List the prime factors of f.
2, 13
What are the prime factors of (-46)/3*6/(-4)*38?
2, 19, 23
Suppose -3*o - 1087 = 434. What are the prime factors of ((-16)/(-2))/(3 - o/(-171))?
2, 3, 19
Suppose -3*y = -2*y - 5*y. Let n(i) = -i**2 + 2*i + 115. List the prime factors of n(y).
5, 23
Suppose 2*x - 4*x = -10. Suppose -98 = -4*f + 2*n, -2*f + x*n - 85 = -7*f. List the prime factors of f.
2, 11
Suppose 6*r - 50 = r. Suppose 4*c - r = -c. Suppose 0 = c*g - 68 - 4. What are the prime factors of g?
2, 3
Suppose 0 = t + 4*f - 10 - 6, 0 = -3*t - f + 15. Let p be (-45)/(-10)*t/3. List the prime factors of 2 + -6 + p - -41.
43
Suppose -6*x + 11*x - 55 = 0. Suppose -x*j + 45 = -8*j. What are the prime factors of 150/(-9)*(-18)/j?
2, 5
Suppose 0*s + s = 10. Suppose -2*w = 10, 2*b - s - 44 = 2*w. Suppose -39 = -5*j + u, 3*j - 4 = -2*u + b. List the prime factors of j.
2
Let r = -26 + 34. Let l = -8 + r. Suppose 0 = 2*v + 4*p - 12, -4*p = -4*v - l*p. What are the prime factors of v?
2
Let l be -12*2/(-3*2). Suppose l*x + 2 + 14 = 0. List the prime factors of (2 + 4)/((-6)/x).
2
Let r be (-16)/(-12) - (-74)/3. List the prime factors of (28 - r) + (-172)/(-1).
2, 3, 29
Let d be 26/(-6)*(-103 - -1). Let c = 718 - d. What are the prime factors of (2/8)/(3/c)?
23
List the prime factors of ((-680)/14)/((-108)/(-63) + -2).
2, 5, 17
Suppose -l + 4*a - 2*a = -1456, -2903 = -2*l + a. What are the prime factors of l?
2, 5, 29
Let g be -5 + 7 + 0 + 13. List the prime factors of (g - 3)*10/4.
2, 3, 5
Let o(k) = k**2 + k + 306. Let f be o(0). Suppose -298 = -4*b + f. What are the prime factors of b?
151
Let m = -21 - -23. Let j(q) = q**2 - 2*q + 2. Let i be j(m). Suppose 253 = 4*t - u + i*u, 82 = t + 4*u. List the prime factors of t.
2, 31
Let m(g) = 47*g**3 + 2*g**2 + 7*g - 2. Let s(w) = -47*w**3 - 4*w**2 - 3*w - 2 + 2*w**2 - 5*w + 5. Let t(l) = -5*m(l) - 4*s(l). List the prime factors of t(-1).
2, 23
Suppose d + 5*h + 131 = h, 3*d - 3*h = -318. Let x be 4/10 - d/(-15). What are the prime factors of x + 3 + 62 + -2?
2, 7
Let a be 18 + -300 - (1 - 1). List the prime factors of a/(-30)*(14 - -1).
3, 47
Suppose 4*p + 1 = 17. Suppose p*d - 79 = -7. List the prime factors of d*((-2)/6)/(-1).
2, 3
Let j = 2263 + -1614. List the prime factors of j.
11, 59
Suppose 3*u - u - 2204 = 0. List the prime factors of u.
2, 19, 29
Let k = -6 - -7. Let t be 8/k + -1 - -1. Suppose 6 + t = q. List the prime factors of q.
2, 7
Let n be -3 - (-1 + 1 - 21). Suppose 5*u = -4*d - n, -2*d + 1 = 5. List the prime factors of (-64)/(-24)*(-9)/u.
2, 3
Let v be (9/(-12) - 27/(-36))/(-2). Let f = 10 + -6. Suppose 0 = 4*a + 4*j - 116, v*j - 2*j - f = 0. List the prime factors of a.
31
Let g(p) = p**3 - 10*p**2 + 2*p + 1. Suppose -5*b = -23 - 27. Let c be g(b). List the prime factors of c + 3 + 0 + 3.
3
Let o(r) = -3526*r**3 + r**2. Let y be o(1). List the prime factors of y/(-35) + (-2)/(-7).
101
Suppose 3*u - 4 = -u + 2*h, 0 = -u + 5*h - 8. Suppose o - 3*t = 2*o - 16, -o - u*t + 20 = 0. List the prime factors of o.
2, 7
Suppose -1416 = -3*x - 2*z, -763 = -2*x - 2*z + 183. Suppose 2*p - p - 470 = -5*i, 5*i = 5*p + x. List the prime factors of i.
2, 47
Suppose 124 = 4*t + 124. Suppose t = -4*n + 536 - 144. What are the prime factors of n?
2, 7
List the prime factors of (-410)/(-15) + 8 - (-8)/(-6).
2, 17
Let w = -4 + 7. Let s = 342 - 337. Suppose 3*d = w*q - 150, s*q - d + 4*d = 242. What are the prime factors of q?
7
Let i be 734/10 - 4/10. Suppose 5*o + 2*m = i, 0 = -o - 2*o - 5*m + 40. List the prime factors of o.
3, 5
Let q(g) be the second derivative of 11*g**3/6 - 6*g**2 + 11*g. List the prime factors of q(5).
43
Let r = -793 + 1263. What are the prime factors of r?
2, 5, 47
Let t(g) = -15*g + 49. Suppose 3*u = 4*u + 11. List the prime factors of t(u).
2, 107
Let h(q) be the first derivative of q**3/3 + 7*q**2/2 + q + 1. Let p be h(-5). Let n(v) = v**3 + 10*v**2 + 4*v - 13. List the prime factors of n(p).
2
Let u = 9817 - 6102. List the prime factors of u.
5, 743
Let w be (-4)/((-16)/(-9))*-8. Let n be ((-2)/(-2))/(6/w). Suppose -n*s + 47 = -1. What are the prime factors of s?
2
Let a = 3 - 0. Suppose -a*z + 18 = 3*z. Suppose 3*b - 2*s = -z*s + 90, -b + s + 26 = 0. List the prime factors of b.
29
Let l(g) = -3*g**2 + 0*g**2 - 8 - 9*g - 5*g**2 - g**3. Suppose -u + 2*y = -2 + 5, 0 = 2*u - 2*y + 10. What are the prime factors of l(u)?
2, 3
Let y be (-7)/14 + 13/2. Let j be ((-3)/y)/((-5)/110). Suppose 3*s + 8 = t, -5*t + j = -3*s - 5. List the prime factors of t.
2
Let k(t) = 8*t**2 - 10*t + 10. What are the prime factors of k(10)?
2, 5, 71
Let b = -22 - -20. What are the prime factors of (-274)/(-6) - b/(-3)?
3, 5
Let y be (-3)/(-9) + 33/9. Suppose y*w + w - 330 = -2*f, -3*w + 12 = 0. What are the prime factors of f?
5, 31
Suppose 407 = 4*s - 9. Suppose 4*y - s = -16. List the prime factors of y.
2, 11
What are the prime factors of (-5*(-5)/50)/((-3)/(-7410))?
5, 13, 19
Let m = -689 - -1059. What are the prime factors of m?
2, 5, 37
Suppose 0 = -4*r - 13 + 33. Let l(p) = 7*p + 4. What are the prime factors of l(r)?
3, 13
Let u(m) be the first derivative of m**5/40 - m**4/4 + m**3/3 - 5. Let t(j) be the third derivative of u(j). List the prime factors of t(5).
3
Let f be (-208)/(-36) - 6/(-27). Suppose 5*t - 60 = 5*l, f*t + 5*l = 2*t + 30. List the prime factors of t.
2, 5
Let h(j) = 3*j**2 + 2. Let z be h(-2). List the prime factors of ((-1)/((-21)/z))/(2/396).
2, 3, 11
Suppose 0 = -6*r + 31 + 11. Suppose -344 = r*a - 1023. List the prime factors of a.
97
Let b(l) = l - 11. Let a(c) = -67*c**3 + c**2 + 2*c - 2. Let p be a(1). Let j be (5/2)/((-11)/p). What are the prime factors of b(j)?
2
Let d(o) = -o**3 - 5*o**2 + 2*o + 10. Let v be d(-7). Suppose -20 = -3*l + v. Suppose -5*r + l = -7. List the prime factors of r.
3
Let j(w) = 9*w**3 - 5*w**2 - 38*w + 5. What are the prime factors of j(5)?
5, 163
Let d(g) = -2*g**2 - 6*g - 6. Suppose 0 = -4*w - 0*w - 20. Let u be d(w). Let q = 38 + u. What are the prime factors of q?
2, 3
Let b(n) = -20*n - 2. Let f(h) = 8*h + 1. Let y(u) = -5*b(u) - 12*f(u). List the prime factors of y(11).
2, 3, 7
Let d(j) = -58*j - 216. What are the prime factors of d(-9)?
2, 3, 17
Let l = -35 + 33. Let p be 105 - (-1 + (l - -1)). Let k = p + -49. What are the prime factors of k?
2, 29
Suppose 1253 + 874 = 3*f. What are the prime factors of f?
709
Let u(h) = 15*h - 10*h + 4*h**2 - h**2 - 2*h**2 + 1. What are the prime factors of u(6)?
67
What are the prime factors of 2007 + (-21)/(-28) + (-21)/(-4)?
3, 11, 61
Suppose 0 = 5*m - 5*w - 0*w - 2510, -2*w + 2 = 0. List the prime factors of m.
503
Let j(b) = -2*b - 4. Let t be j(-2). Suppose 2*c - 66 = -5*y, -2*y - y + 3*c + 48 = t. List the prime factors of y.
2, 7
What are the prime factors of (-2002)/(-2) + (-13)/((-39)/18)?
19, 53
Suppose 33*s + 324 = 39*s. Suppose -n + 62 + s = 0. List the prime factors of n.
2, 29
Let b = 39 + -57. Suppose -f = 11*k - 6*k - 116, 112 = 5*k - 3*f. Let h = k - b. List the prime factors of h.
41
List the prime factors of ((-8)/6*-1)/((-4)/(-948)).
2, 79
Let l = 45 - 38. Suppose -l*d - 75 = -10*d. What are the prime factors of d?
5
Let z = 2704 - 1227. Suppose 24*w - 31*w + z = 0. List the prime factors of w.
211
Let m be 32/(-48)*(-1 - 2). Suppose 0 = 3*k - m*k - 9. List the prime factors of k.
3
Suppose -h - 6*h = 357. Let k = -35 - h. List the prime factors of k.
2
Let p = -44 + 129. Let o = p - -87. List the prime factors of o.
2, 43
Let v = -136 + 383. What are the prime factors of v?
13, 19
Let a be -4*(-9)/12 - 2. List the prime factors of 3 - 1/(a/(-101)).
2, 13
Let c = -56 - -72. Suppose c*a - 4188 + 1180 = 0. List the prime factors of a.
2, 47
Let v(k) = k**3 + 1. Let q(b) = 3*b**3 - 13*b**2 - 4. Let g(x) = -q(x) + 2*v(x). What are the prime factors of g(12)?
2, 3, 5
Let j be 18/(-8)*(-8)/6. Suppose 0 = -5*x + 3*b + 183, x + j*x - 5*b = 149. Let p = x + -20. List the prime factors of p.
2
Let w = -61 - -64. Suppose 6*d - 203 =